0 = 4*s - 3*h - 17, -2*s + 5*h + 7 = -6*s. Suppose -3*y = 0, -y + s*y = -c + 323. What are the prime factors of c?
17, 19
Let i(c) = -977*c - 1086. What are the prime factors of i(-14)?
2, 787
Suppose 5*f - 294320 = -5*t, -58*f + 4*t - 294321 = -63*f. What are the prime factors of f?
5, 61, 193
Suppose 4*a = 3*x - 7, 0 = 5*x - a - 15 - 8. Suppose -3546 - 1873 = -3*b - 4*r, -5*b + 8985 = -x*r. What are the prime factors of b?
1801
Let g(i) = 35*i**2 + 38*i - 3. Let d be g(6). Suppose -7*x = -2393 - d. List the prime factors of x.
2, 277
Let k(q) = 35*q**2 + 23*q - 282. Let b(w) = 22*w**2 + 15*w - 188. Let l(h) = 8*b(h) - 5*k(h). List the prime factors of l(16).
2, 11
Suppose t = -3*g + 39430, -18*g = -t - 17*g + 39454. What are the prime factors of t?
2, 4931
List the prime factors of ((-91386)/(-15))/((-92)/20 - -5).
3, 5077
Suppose -4*q = 5*w - 6*q - 11, 3*w + 3*q - 15 = 0. Suppose -4*c + 792 - 2104 = -4*a, -w*a + c = -986. What are the prime factors of a?
7, 47
Let p(z) = 574*z**2 + 3*z + 3. Let t be p(3). Suppose -4*f + 5*v + t = 10*v, 2*v + 5192 = 4*f. What are the prime factors of f?
1297
Let k be 17/17 - (0 - 1). Suppose -239 = -3*c + k*c. Let q = c + -110. List the prime factors of q.
3, 43
What are the prime factors of ((-72)/(-16))/(-3)*10/(-15)*291?
3, 97
What are the prime factors of ((31/124)/((-6)/4432))/((-4)/24)?
2, 277
Let h be -1 - 0 - (-5 + 1). Let x be 9/(-5)*5160/(-36). Suppose -3*g + 3*b = -x, -71 = -g - 5*b - h. What are the prime factors of g?
83
Let u(y) = 31*y - 20. Let t(a) = 3. Let b(n) = -15*t(n) + 3*u(n). List the prime factors of b(4).
3, 89
Suppose 4*r = 4*b + 62892, -4*b + 48 = 32. What are the prime factors of r?
15727
Suppose s - 39 - 26 = 0. Suppose 313 = z - s. What are the prime factors of z?
2, 3, 7
Let w = -8693 - -16684. List the prime factors of w.
61, 131
Suppose 5*x = 5*f - 36025, -16*f + 28829 = -12*f - x. List the prime factors of f.
2, 17, 53
Let c(y) = 56*y**2 - 5*y + 11. Suppose -22*h + 79 = 13. List the prime factors of c(h).
2, 5
Let u be (-3)/36 - 185/(-60). Suppose 0 = 5*n - u + 23, -2*o = n - 662. List the prime factors of o.
3, 37
Suppose 81 = -k - 35. Let a = 74 - k. What are the prime factors of a?
2, 5, 19
Let s(d) = d**3 - d**2 - 12*d - 22. Let x be s(8). Suppose 5*z = 1790 - x. Suppose 27*k - 29*k = -z. What are the prime factors of k?
2, 73
Let o be 8*(8 + -8 - 90/(-8)). Suppose -4*q - 2*a - 16 = -5*q, -5*a = -5*q + o. Suppose -h + 3*v + 156 = -24, 0 = 4*v - q. List the prime factors of h.
3, 5, 13
Let i = -45 - -51. Let x be -2 + ((-9)/3 - -1*i). Let z(q) = 47*q - 1. What are the prime factors of z(x)?
2, 23
List the prime factors of (-90)/99 + 1143828/77.
2, 7, 1061
Let m(o) = 17*o - 29. Let g be m(2). List the prime factors of (3/((-60)/328))/(g/(-225)).
2, 3, 41
Suppose 0 = -11*y - y + 1980. Suppose 0 = 22*z - 17*z - y. Let w = 183 - z. What are the prime factors of w?
2, 3, 5
List the prime factors of (32862/(-27))/(-4*10/720).
2, 5477
Suppose 0 = 4*v - 5*k - 169, 5*v - 5*k = 2*v + 133. Suppose 3996 = -30*f + v*f. List the prime factors of f.
2, 3, 37
Suppose 21 = 3*i - 4*c, 36 = i - 5*c + 18. Suppose -t + 720 = i*k - 1833, 0 = 4*t + 12. What are the prime factors of k?
2, 3, 71
Let u be (3 + -2)/(9 + -8) + 3. Suppose -11*p = -13*p - u*y + 846, 1704 = 4*p - 4*y. List the prime factors of p.
5, 17
Let d(b) = -87*b**3 - 10*b**2 - 3*b - 8. List the prime factors of d(-2).
2, 3, 109
Let h(a) = -200*a**3 + 21*a**2 + 117*a + 9. List the prime factors of h(-6).
3, 11, 19, 23
Suppose 3*b + 87 + 0 = 0. Let g = b + 31. Suppose g*t - 66 = -h, 3*t - 180 = -5*h + 129. What are the prime factors of h?
2, 3, 5
What are the prime factors of -18117*-3*7/63?
3, 11, 61
Let v(y) = 35*y**2 + 74*y + 62. What are the prime factors of v(-12)?
2, 7, 43
Let o(y) = -2*y**3 + 38*y**2 - 30*y - 4. Suppose 0 = -2*r + 5*s + 42, 0 = -r - s - 1 + 15. List the prime factors of o(r).
2, 263
Suppose -75002 = -9*g - 36399 + 211543. What are the prime factors of g?
2, 13, 1069
Suppose -5491 = -g - 3*n, -3 = 3*n - 2*n. Suppose 0 = 41*p - 46*p + g. What are the prime factors of p?
2, 5, 11
Suppose 0 = 3*y - 6, -4*y + 83 = -h - 0*h. What are the prime factors of (-43735)/h + 8/(-60)?
11, 53
Let v(i) = -1 - 4*i + 122 + 33. List the prime factors of v(14).
2, 7
Let q(m) = -67*m**3 - 6*m**2 - 32*m - 44. What are the prime factors of q(-4)?
2, 1069
Suppose u = 2 - 0. Let m be u/(-7) - (74/(-14) - 1). List the prime factors of ((-24)/(-10))/(m/90).
2, 3
Let q = -64 + 67. Let b = -622 - -1022. Suppose -5*v - b = -q*h, -3*v + 0*v = 5*h - 644. What are the prime factors of h?
2, 5, 13
List the prime factors of 22051 - 164/(-123)*15/2.
13, 1697
Let f = 46349 - 12436. What are the prime factors of f?
11, 3083
Let i = 11 + -7. Suppose -2*j + 1 = 3*k - j, 2*k + i*j = -16. Suppose -3*b - k = -b, -3*m = b - 89. List the prime factors of m.
2, 3, 5
Suppose -35*r = -20*r + 810. Let k = 100 + 0. Let z = k + r. What are the prime factors of z?
2, 23
Suppose -14*q + 61343 + 733 = 0. What are the prime factors of q?
2, 3, 739
Let w = 2985 - -2623. List the prime factors of w.
2, 701
Suppose p + 5 = 2*z + 90, -4*z = -5*p + 173. Let h = -1 + -3. What are the prime factors of -8 - h - z - -2?
2, 5
Let h(f) = f - 12. Let d be h(-7). Let s be -1 + 1 - (d - -17). Let n(u) = 5*u**3 + 3*u**2 + 2*u - 8. List the prime factors of n(s).
2, 3
Let x(z) be the first derivative of 2*z**3/3 + 33*z**2/2 + 274*z + 244. List the prime factors of x(-29).
3, 37
Suppose 4*z - 7 - 33 = -4*t, 2*t + 3*z = 19. Let w = t + -21. List the prime factors of (-802)/(-6) - w/(-15).
7, 19
Suppose -58*c - 69437 = -3457333. List the prime factors of c.
2, 17, 859
Let d(x) = -2*x**3 - 12*x**2 + 5*x - 6. Let n(z) = z**3 - 8*z**2 + 4*z - 41. Let w be n(8). List the prime factors of d(w).
3, 5, 29
Let i(w) = 5*w**3 + 22*w**2 + 15*w - 16. Let u(z) = 4*z**3 + 21*z**2 + 16*z - 16. Let l(o) = 5*i(o) - 6*u(o). List the prime factors of l(18).
2, 11, 13
Suppose 0 = -4*m + 6817 + 1243. Suppose m = -21*g + 26*g. List the prime factors of g.
13, 31
Suppose -2*o - 18 + 6 = -5*r, 0 = 2*r + 4*o. Suppose -2624 = -5*x + r*u, -5*x - u - 1084 = -3702. What are the prime factors of x?
2, 131
Let g(q) be the second derivative of -223*q**3/6 - 76*q**2 - 228*q. What are the prime factors of g(-8)?
2, 3, 17
Let m be 36916/(-6) + 16/24. List the prime factors of -5*m/40 - -2.
3, 257
Suppose 0 = 1654*h - 1655*h + 26088. List the prime factors of h.
2, 3, 1087
Suppose -23*s - 32 = -28*s + d, 5*s + 2*d - 41 = 0. Let k be 2/(-2)*-26*10. Suppose 3*b - s*b = -k. What are the prime factors of b?
5, 13
Suppose 3*f + f - 5*a - 155 = 0, 0 = -4*a + 4. Let v = f + -36. Suppose 5*l = 2*l + 9, -v*b + 359 = l. What are the prime factors of b?
89
Let j(z) = -55*z**3 - 3*z**2 - 2*z + 1. Let w be j(-1). Suppose 0 = 3*b + 104 + w. Let y = b + 90. List the prime factors of y.
37
Let r(z) = 33*z**2 + 2*z - 7. Let d = -50 + 53. What are the prime factors of r(d)?
2, 37
Let l(t) = 11*t**3 - 3*t**2 + t + 1. Let w be l(1). Let g = 0 - -14. Suppose 11*j = w*j + g. List the prime factors of j.
2, 7
Let h = 990 - -434. What are the prime factors of h?
2, 89
Suppose 0 = 9*z - 6*z - 30. Suppose -4*n + z*n - 30 = 0. Suppose 610 = n*l + 155. List the prime factors of l.
7, 13
Let h = 298 - 278. Let r(u) = -5*u**2 - 19 - 16*u**2 + 22*u - 4 + u**3. List the prime factors of r(h).
17
Let m = -11 + 16. Let j = 92 + -87. List the prime factors of 429/j - (-1)/m.
2, 43
Let l(q) = -q + 56. Let c be l(-24). Suppose 10*r = 2*r + c. What are the prime factors of r?
2, 5
Let l = 535 + -914. Let m = l + 690. List the prime factors of m.
311
Suppose -4*m - m + 1745 = 0. Suppose -25 - 86 = y - 4*g, 3*y + m = 4*g. Let c = y + 222. What are the prime factors of c?
103
Let z = 21 + -19. Let c be (-2 - -1)/((z - 3) + 0). What are the prime factors of (1 - 294/4)*(-1 - c)?
5, 29
Suppose 7*l - 167744 = -24720. List the prime factors of l.
2, 1277
Let p = -3642 - -5243. Let w = -474 + p. List the prime factors of w.
7, 23
Suppose 15*k = 913 - 4573. What are the prime factors of (k - 91)*(8/(-5) - 0)?
2, 67
Let s = 34 - -6. Let w = -46 + 48. Suppose 3*j + 24 = c, 5*c - w*j - s = -3*j. List the prime factors of c.
3
Suppose -17 = -2*l + 7. Suppose 96